late the remainder when o(-7) is divided by 8.
5
Let u be (-1 + 24/(-9))*-12. Let a = 14 + u. Let c = -372 - -402. Calculate the remainder when a is divided by c.
28
Let u = 176 + -142. Calculate the remainder when 102 is divided by u.
0
Let g be (-2 + 0)/(14/(-77)). Let w be 33/g*20/3. Suppose 2*m - 3*j - 15 = -2*j, 5*m + j = w. What is the remainder when 9 is divided by m?
4
Let g(k) = -8*k + 1. Let h(b) = -7 + 3 - 6 - 9*b - 4*b - b**2. Calculate the remainder when h(-9) is divided by g(-1).
8
Suppose -10*i = -6*i + 12, -5*h - i = -382. Calculate the remainder when h is divided by -3*(0 - (-20)/(-12)).
2
Calculate the remainder when 163 is divided by (-1005)/(-45) + 20/12.
19
Suppose -3*h + 145 = 4*s, 4*h + 107 = -4*s + 299. Calculate the remainder when 274 is divided by h.
39
Suppose 2*r - 57 = 67. Suppose 0 = 12*a - 181 - 83. What is the remainder when r is divided by a?
18
Let j(l) be the second derivative of -1/6*l**3 + 1/12*l**4 - 10*l + 1/2*l**2 + 0. What is the remainder when 63 is divided by j(4)?
11
Let f = 18 + -16. Suppose -2*p = s - 25, -f*s = -4*p + 2*s + 20. What is the remainder when 6 is divided by 6 + (2 - p/2)?
0
Let s = -79 - -105. Calculate the remainder when 103 is divided by s.
25
Let m(r) = 3*r**2 + 2*r + 6. Let n be m(7). Let p = n - 86. Suppose -v - 2*v + p = 0. Calculate the remainder when 79 is divided by v.
25
Suppose y - 5*n - 28 = 0, 2*n + 73 = 3*y - 2*n. Let a(r) = r**3 - r**2 + r + 13. Calculate the remainder when (-2)/2 + y + (0 - -1) is divided by a(0).
10
Suppose -14*x + 2488 = 752. Calculate the remainder when 487 is divided by x.
115
Let j(c) = -2*c**3 + 21*c**2 + 8*c + 14. Suppose 78 = -2*y + 4*y. Calculate the remainder when j(10) is divided by y.
38
Suppose 0 = -6*o + 10 + 2. Suppose -15 = o*t - 27. What is the remainder when 11 is divided by t?
5
Let o = -357 + 549. Suppose 5*n - 4*i - 41 = 4*n, -2*i = -4*n + o. What is the remainder when n is divided by 13?
10
Let w(i) = -i**2 - 19*i + i + 0*i**2 - 13. What is the remainder when w(-12) is divided by 15?
14
Let u(m) = m**3 - 8*m**2 - 7*m - 15. Let g be u(9). Suppose -5*s - 5*z = -170, g*s - z + 5*z - 102 = 0. Calculate the remainder when s is divided by 13.
8
Suppose -3*d + 5 = -4. Suppose 35 = d*o - 64. Let i = 20 + -8. Calculate the remainder when o is divided by i.
9
Let c(s) = -3*s**2 + 9*s - 27. Let v be c(11). Calculate the remainder when (-3 + 5)*v/(-6) is divided by 152/6 - 2/6.
22
Suppose -31*o + 27*o + 616 = 0. Calculate the remainder when o is divided by 12.
10
Let c = -25 + 50. Suppose 4*u - 169 = -t, -5*u - 2*t + 0*t + 212 = 0. Let s = u + -35. Calculate the remainder when c is divided by s.
4
Suppose -1 = 2*c - 11. What is the remainder when 29 is divided by c?
4
Let f = -37 + 51. Suppose -9*q + f*q - 410 = 0. What is the remainder when q is divided by 43?
39
Calculate the remainder when 1324 is divided by 26208/1040 - 8/(-10).
24
Let b(d) = -d**3 - d**2 + 9*d + 19. Suppose 3*i = 9*i - 366. What is the remainder when i is divided by b(-4)?
30
Let h = 903 - 821. Calculate the remainder when h is divided by 25.
7
Let x = 4 - -4. Suppose -2*t = -2 - x. Suppose 2*s - 10 = 0, -t*c - 3*s - s + 85 = 0. What is the remainder when 50 is divided by c?
11
Let w = -819 + 867. What is the remainder when 138 is divided by w?
42
Let z = 49 + -52. Calculate the remainder when z*(-4)/(-24)*-236 is divided by 40.
38
Let a = -34 + -1. Let g = -16 - a. Let f(z) = z**3 + 9*z**2 + 7*z + 8. Calculate the remainder when f(-6) is divided by g.
17
Let n(b) = -b**2 + 28*b + 383. What is the remainder when 169 is divided by n(37)?
19
Suppose 7315 = l + 76*l. Calculate the remainder when l is divided by 48.
47
Let j(a) = a**3 + 19*a**2 + 4*a + 9. Calculate the remainder when j(-16) is divided by 13.
11
Let f(k) = 6*k**2 + 4. What is the remainder when f(0) is divided by 4?
0
Let o be (24/18)/((-2)/12*2). Let f(u) = -3*u - 8. What is the remainder when f(o) is divided by 4?
0
Let g = 51 + -34. Suppose -g*w = -20*w + 15. Suppose -1 = -z + w. What is the remainder when 22 is divided by z?
4
Let m(w) be the third derivative of -w**6/120 - w**5/5 - 11*w**4/24 + 7*w**3/6 + 10*w**2. What is the remainder when 25 is divided by m(-11)?
4
Suppose -346 = -3*r + 5*a, 4*a + 60 + 53 = r. What is the remainder when r is divided by 14?
5
Let z(q) = 6*q**2 + 2*q - 6. Let h(w) = w + 5. What is the remainder when z(2) is divided by h(8)?
9
Let f be ((-3813)/(-7) - 10/(-35)) + 0. Suppose z - f = -4*z. What is the remainder when z is divided by 10?
9
Let j = -9 + 13. Suppose j = -g + 11. What is the remainder when g is divided by (-6)/((-1)/((-1)/(-2)))?
1
Let a = 9 - 6. Suppose -27*l - 3 + 30 = 0. Calculate the remainder when a is divided by l.
0
Suppose -8*b + 26 + 102 = 0. Calculate the remainder when 111 is divided by b.
15
Let y(z) = 62*z - 42. Let w(q) = q + 58 - q + q**2 + 0*q. Calculate the remainder when w(0) is divided by y(1).
18
Let l(k) = -k**3 - 4*k**2 + 2*k. Suppose 6*c = -8 + 2. Calculate the remainder when -1*(4 + c) - 444/(-6) is divided by l(-5).
11
Let g(s) = -55*s - 44. Let f(d) = 25*d + 21. Let k(p) = -13*f(p) - 6*g(p). Suppose 13 = 2*l + 1. Calculate the remainder when k(l) is divided by 8.
5
Let i = 96 - 47. Let n(u) = 3*u**2 + 12*u + 9. Let o be n(-4). Let k = i - o. Calculate the remainder when k is divided by 21.
19
Let g(z) = 14*z**2 + 2*z + 2. Calculate the remainder when g(1) is divided by 5.
3
Suppose 508 + 206 = 6*q. Let d = 194 - q. What is the remainder when d is divided by 19?
18
Suppose -o - 5*t = -3*o - 15, t - 3 = -2*o. Let u = o + 7. Let f(w) = w**3 - 16*w**2 - 17*w + 19. Calculate the remainder when f(17) is divided by u.
5
Calculate the remainder when 16 is divided by 96/64 - 31/(-2) - 2.
1
Let j = 13 + 50. What is the remainder when 123 is divided by j?
60
Suppose 0 = -0*p - p + 63. Let o be (7/14)/((-1)/(-220)). Suppose 2*u = 7*u - o. Calculate the remainder when p is divided by u.
19
Suppose 3*o + 6 - 15 = 0, 0 = 4*m + 4*o - 84. Calculate the remainder when 50 is divided by m.
14
Let c(j) = -j**2 + 2*j - 3. Let p be c(-4). Let q = -10 - p. Calculate the remainder when 99 is divided by q.
14
Let u = -76 - -127. Let f = u - 15. Calculate the remainder when 107 is divided by f.
35
Suppose 165 = 3*v - 3*m, v - 25*m = -20*m + 55. What is the remainder when 176 is divided by v?
11
Suppose 0*i - 12 = -4*i. Suppose w - 2*f = 3*w - 38, 0 = -i*w + f + 45. Calculate the remainder when w is divided by 6 - -2 - 8/(-8).
7
Suppose -2*i + 33 = 5*b, -3*i - 2*b = -0*b - 22. Suppose -5*v = 2*j - 218, -3*v + i*j - 32 + 168 = 0. Calculate the remainder when v is divided by 24.
20
Let p = 23 + -13. Let d(b) = b**3 + b**2 - 3*b. Calculate the remainder when d(3) is divided by p.
7
Let o(c) = 3*c + 1. Suppose 6*f - f = 0. Suppose -t + 2*t - 5*a - 36 = f, -3*t + 88 = -5*a. Calculate the remainder when t is divided by o(2).
5
Let x be ((-15)/4)/((-63)/420). Suppose 24 = 3*z + m, 3*z + z - m - x = 0. Calculate the remainder when 25 is divided by z.
4
Let r(t) = t**3 - 11*t**2 - 11*t + 1. Suppose 3*i + 12 = 0, 4*n + 64 = 2*i - 0*i. Let f = n - -22. Calculate the remainder when r(12) is divided by f.
1
Suppose 0 = -k + 4 + 40. Suppose -3*r = -6*r + 57. Suppose 30 = 3*n + 4*f - r, -k = -3*n - 5*f. Calculate the remainder when 90 is divided by n.
21
Suppose -310 = 21*x - 1948. What is the remainder when x is divided by 28?
22
Suppose 3*y - 5*l = 36, l = 4*y + 3*l - 22. Let k be (y + -10)/(6/(-196)). Suppose k - 23 = 3*i. Calculate the remainder when 72 is divided by i.
22
Let i(z) = 11*z - 4. Let b be i(3). Let c = -13 + b. What is the remainder when 29 is divided by c?
13
Let d be (-6)/(-4)*56/21. Suppose 3 = -j + d*j. Calculate the remainder when j is divided by 6 + (-6 - -3) + -2.
0
Let z be (-9)/18*(0 - 0). Suppose -2*m - m + 150 = z. Suppose o - m = -0*o. What is the remainder when o is divided by 13?
11
Let h be (-2)/3 - 96/18. Calculate the remainder when 28 - (-3)/h*-6 is divided by 8.
7
Let y = -9417 - -9464. Suppose 5*a + 0*a - 40 = 0. What is the remainder when y is divided by a?
7
Let k(y) = 6*y**2 + 54*y - 9. What is the remainder when 86 is divided by k(-10)?
35
Calculate the remainder when 6/66 - 345824/(-176) is divided by 41.
38
Suppose -18*v + 11312 =